 7649 = 0. What are the prime factors of v?
13, 19, 31
Let s(f) = 7*f**2 + 12*f - 83. Let x(a) = 8*a**2 + 12*a - 82. Let z(g) = -7*s(g) + 6*x(g). What are the prime factors of z(-15)?
2, 11
Let c = 18467 - 9409. List the prime factors of c.
2, 7, 647
Let h(k) = 5*k**2 + 11*k - 16. Let m be h(6). List the prime factors of 3*6/36*m.
5, 23
Let i = -32 + 41. Let o be 0 - (3/i)/((-2)/54). Suppose 568 = o*p - 1520. What are the prime factors of p?
2, 29
Suppose 0 = 32*w - 82196 + 24244. Suppose -n = 3*m - 4681, -w = 3*m + 2*n - 6496. What are the prime factors of m?
1559
Suppose 201*i - 202*i = 2*k - 41392, k - 206987 = -5*i. List the prime factors of i.
2, 7, 2957
Suppose 5*o = 0, 2*o = 2*r + 6*o - 808. Suppose r = a + 87. What are the prime factors of a?
317
Suppose 120*k - 1817816 = -34*k. What are the prime factors of k?
2, 13, 227
Let d(y) = 6*y**2 - 3*y + 15. Let c be d(-7). Suppose 584 + c = 2*r. List the prime factors of r.
457
Let s(g) = -71*g - 155. Let l be s(-8). Let i = l - 230. What are the prime factors of i?
3, 61
Suppose 3*g + 2*g = -4*w + 51414, -2*w = g - 10290. List the prime factors of g.
2, 3, 571
Suppose 18 = 3*t, 2*p - 35*t + 34*t = 44976. What are the prime factors of p?
3, 7, 17
Let w(b) = -2*b - 6. Let u be w(12). Let g = u + 248. Let a = 328 - g. What are the prime factors of a?
2, 5, 11
Let o(m) be the first derivative of m**2 + 105*m - 3. Let r be o(0). Let b = r + -18. List the prime factors of b.
3, 29
Suppose 5*p - 27 = -2*n + 5, n = 4*p + 3. Suppose 36 = n*q - 2252. List the prime factors of q.
2, 13
Let a(d) = -d**3 + d**2. Let p be a(1). Suppose p = -2*b + h + 409, -4*b - 2*h + 424 = -2*b. What are the prime factors of b?
3, 23
Let p = -29030 - -47333. What are the prime factors of p?
3, 6101
What are the prime factors of 727328/(22 - -10) + (2 - 0)?
3, 7577
Suppose -2*n = -q - 46419, -116067 = 24*n - 29*n - 4*q. What are the prime factors of n?
3, 2579
Suppose 6651 = 3*i - 2*m - 10791, 0 = -3*i + 5*m + 17442. Suppose 13*p + 21*p - i = 0. What are the prime factors of p?
3, 19
Let z(y) = 99*y**2 - 15*y - 474. List the prime factors of z(16).
2, 3, 5, 821
Let o = -396 + 2891. Let n = 3631 - o. What are the prime factors of n?
2, 71
Suppose -5*n - 641 = 5*y - 2171, 12 = 3*n. Suppose 0 = -4*p + 1202 - y. Suppose -5*q - 15 = 3*x - 181, 3*q = -4*x + p. List the prime factors of x.
3, 19
Let x be 116/6 - 12/(-18). Let h(p) be the second derivative of p**5/20 - 5*p**4/3 + 37*p**2/2 + 67*p. What are the prime factors of h(x)?
37
Let d(l) = 583*l**2 - 85*l + 23. List the prime factors of d(4).
9011
Suppose -69895 = -21*y + 101129. List the prime factors of y.
2, 509
Let k be (-6)/(-1)*15/(-10) + -1. List the prime factors of k/55 - (-4096)/22.
2, 3, 31
Let x be (-6)/(-33) - 1912/(-11). Suppose -x*c + 166*c + 4712 = 0. List the prime factors of c.
19, 31
Let o(n) = -n**3 + 11*n**2 - 2*n + 24. Let t be o(11). Let u be (t/1)/(-14 - -13). What are the prime factors of (3 - 3) + -51*(1 + u)?
3, 17
Let k = 118 + -210. Let t = k - -176. List the prime factors of t.
2, 3, 7
Let s(u) = u**2 + 9*u - 8. Let j be s(-10). Let z be 3 - 9*j/6. Suppose 173 = 5*l - y, z = 2*l - 3*y + 5*y - 62. List the prime factors of l.
2, 17
Let c(f) be the second derivative of -197*f**3/6 + 5*f**2/2 + 32*f. Let g be c(-1). Let r = g + -96. What are the prime factors of r?
2, 53
Suppose 0*t = -2*t + 12. Let i(p) = -p**2 + 10*p + 2. Let q(a) = -2*a**2 + 10*a + 3. Let w(l) = t*i(l) - 5*q(l). What are the prime factors of w(4)?
101
Let p(s) = 10*s**2 + 66*s + 997. What are the prime factors of p(-14)?
19, 107
Suppose -10*b + 4529 + 751 = 0. Suppose -3*s = h - b, -10*h + 8*h + 5*s + 1100 = 0. What are the prime factors of h?
2, 3, 5
Let g = 43582 + -29630. List the prime factors of g.
2, 109
Suppose 3*z = 1 + 2. Let w(x) be the third derivative of 103*x**6/60 - x**5/30 - x**4/12 + x**3/6 - 213*x**2. List the prime factors of w(z).
7, 29
Let c be 7940/1*42/70. Suppose -21*n = -15018 - c. What are the prime factors of n?
2, 3, 157
Suppose 0 = -4*i - 309*g + 312*g + 178184, -3*g - 44555 = -i. What are the prime factors of i?
44543
Suppose 0 = m - 5*v - 51, 3*m - 62 - 59 = -v. List the prime factors of 6*m*(-4)/(-12).
2, 41
Let h = -8364 + 14284. What are the prime factors of h?
2, 5, 37
Let c(g) = 33*g**2 - g - 25. Let o be c(5). Suppose 5*p + 2406 = -2*y + 5*y, -4*p = -y + o. What are the prime factors of y?
3, 269
Let s(b) = 2*b**2 - 14*b + 16. Let w be s(17). What are the prime factors of w - (4 + -7 + 1)?
2, 179
Let i = -17009 + 40708. List the prime factors of i.
13, 1823
Suppose -6*v + 15 = -3*v. Suppose 3*q - 5*d = -51, q - v*q = 4*d + 68. List the prime factors of -20 - q - (1 - 77).
73
Let s be 2/8 - 460/(-80). Suppose 0 = 9*p - 12 - s. Let w(m) = 56*m**2 + 6*m - 9. What are the prime factors of w(p)?
227
Let w be (-5)/(((-6)/15)/((-18)/(-45))). Suppose -i + p + 15 = -3*p, 3*i + w*p = 28. What are the prime factors of i?
11
Let c(j) = -22*j - 66. Let l be c(-3). Suppose -3*z - i + 232 = l, 2*z + i = -0*i + 154. List the prime factors of z.
2, 3, 13
Suppose 0 = -24*g + 26*g - 12. Suppose 4*y - g = 2*x + 2, -3*x + y - 2 = 0. Suppose -360 = -5*c - x*c. List the prime factors of c.
2, 3
Let u = 21 - -28. Let q = u + 163. What are the prime factors of q?
2, 53
Suppose -2*b - 2*b + 36 = 0. Suppose b*f - 1840 = f. Suppose 3*p - 8*p = -f. List the prime factors of p.
2, 23
Suppose -11*z = -311242 - 347009. What are the prime factors of z?
3, 61, 109
Suppose 3*k + 26*k - 197354 - 245447 = 0. List the prime factors of k.
15269
Let s(c) = c**3 + 5*c**2 + 3*c + 1. Let i be s(-4). Let d(u) = 26*u**2 - i*u + 12*u - 5*u. List the prime factors of d(2).
2, 3
Let b(c) = 4*c + 43. Let g be b(-12). List the prime factors of 14*g/20*-52.
2, 7, 13
Suppose 14*d - 9*d - 2060 = s, -5*d + 2055 = -2*s. What are the prime factors of d?
7, 59
Let k be (3/6)/((-111)/(-36) - 3). Suppose u = 3*f + 20 - k, 4*f = -u + 7. Suppose 42 = -9*a + u*a. What are the prime factors of a?
3, 7
Suppose 6*p - 12 = 2*p - w, 4*p + 5*w - 28 = 0. Suppose i = p, -18 = -0*u - u + 2*i. List the prime factors of u.
2, 11
What are the prime factors of (-12)/8 + (-10082)/(-4)?
11, 229
Let c be 195 + 0*(-2)/(-14). Suppose -25*g + c = -22*g. What are the prime factors of g?
5, 13
Let n(b) = -b**3 - 27*b**2 + 58*b + 16. Let o be n(-29). Suppose -13*g = -o*g + 2778. List the prime factors of g.
2, 463
Let t be (2 - 2) + 4 + (-3 - 1). What are the prime factors of 1/2*724 - t?
2, 181
Suppose 104*p - 41*p = 305046. List the prime factors of p.
2, 3, 269
What are the prime factors of 74/14 + 2/(-7) + 13285564/1114?
3, 41, 97
What are the prime factors of 7243940/396 - -4*3/54?
11, 1663
Let p = 32086 + -4360. List the prime factors of p.
2, 3, 4621
Let y be (-5)/30 - (-2285)/30. Suppose y*s = 79*s - 462. What are the prime factors of s?
2, 7, 11
Suppose -4*n + 6 = -6. Suppose -n*q = -15, -4*c + 3*q = -q + 16. Let z(r) = 268*r**3 + 4*r - 4. What are the prime factors of z(c)?
2, 67
Let t(g) be the first derivative of 7*g**4/4 - 3*g**3 - 5*g**2 + 7*g - 19. List the prime factors of t(5).
607
Let d = -169 - -168. What are the prime factors of (0 - -347) + d + 1 + 2?
349
Let l(u) = 20*u**2 - 66*u + 37. Let k be l(-13). Suppose -k = -6*x - 13*x. What are the prime factors of x?
3, 5
Let q(t) = -t - 4. Let k be q(-5). Let r be k/((4/(-12))/(-1)). Suppose 4*h - 215 = -u, r*h - 4*u - 155 = -8. List the prime factors of h.
53
Suppose -85*r + 8*r + 656741 = -2811262. List the prime factors of r.
3, 15013
Let b = 32045 + -17992. List the prime factors of b.
13, 23, 47
Suppose 5*b + 10 = 0, -b = -2*z - 7 + 49. Let u be (z/(-4))/((-25)/30). Suppose -4*p = -2*j + 142, -5*j + 2*p - u*p + 341 = 0. List the prime factors of j.
3, 23
Let g(m) = 2*m**3 - 5*m**2 - 6*m + 2. Let k = 30 + -23. Let v be g(k). Suppose 5*d = -4*i + 2*d + v, 3*i = -4*d + 306. What are the prime factors of i?
2, 7
Suppose -524775 - 119478 = -69*i. What are the prime factors of i?
9337
Suppose 5*u - 4*l - 33921 = 0, 8*u - 7*u - 6765 = -4*l. What are the prime factors of u?
6781
Let t be 580/(-1)*(15/12 + -2). Suppose -6*g + 1221 + t = 0. List the prime factors of g.
2, 3, 23
Suppose -297719 = -17*j - 59125 + 81431. What are the prime factors of j?
3, 5, 